d) be the third derivative of d**4/24 + 3*d**3/2 - 3*d**2. Give k(m).
5
Let u(s) = 5*s**2 - 5. Suppose -4*q + 42 = 3*q. Let y(a) = -9*a**2 + 9. Let c(m) = q*y(m) + 11*u(m). Calculate c(1).
0
Let u(s) = 5 + 238*s**3 + 4*s**2 - 240*s**3 - 4. Give u(3).
-17
Let z(n) = -9*n - 3. Let j(v) = 10*v + 4. Suppose 4*b + 11 = 31. Let g(h) = b*z(h) + 4*j(h). Determine g(-3).
16
Let d(y) = -2*y**2 + 3*y - 5. Let n(b) = 2*b**2 - 2*b + 4. Let f(t) = -4*d(t) - 5*n(t). Suppose o - 4*k = -9 + 27, -5*o + k = -14. Determine f(o).
-12
Let o(h) = -h**3 - 2*h**2 - 3*h - 3. Let l be 8/(-44) + (-1293)/(-33). Let s = l - 41. Calculate o(s).
3
Let q(c) = -c**3 + 6*c**2 - 6*c + 1. Suppose -3*u - 1 = -2*u. Let w be 1 + u - (-8 - -4). Give q(w).
9
Let y(z) = -52*z**2. Suppose 28*q + 21 = 49*q. Determine y(q).
-52
Let f be (1 + 1)/(7/((-105)/(-600))). Let o(i) be the second derivative of -5/6*i**3 + 0 + 1/3*i**4 - 1/2*i**2 - 3*i + f*i**5. Determine o(-5).
-1
Let u(a) = 7*a**2 + a - 1. Let r(y) = 26*y**2 + 12*y - 14. Let d(p) = -r(p) + 4*u(p). Give d(5).
20
Let f(a) be the second derivative of a**7/840 - a**6/40 + a**5/15 + a**4/6 + 7*a**3 - 20*a. Let p(u) be the second derivative of f(u). What is p(8)?
4
Suppose -2*o + 22 = -4*x, 2*x + x = -o - 9. Let w(k) = -2*k**2 - 7*k - 3. Give w(x).
-7
Suppose 13*y - 9*y = 12. Let t(b) = 18*b**3 - 17*b**y + b + 5*b - 5*b. Suppose 0 = -0*a + 2*a. What is t(a)?
0
Suppose 0 = 2*h + 5*d + 5 + 2, 4*h + 2*d + 22 = 0. Let y(v) be the second derivative of -v**5/20 - 7*v**4/12 - 5*v**3/3 - 3*v**2 - 2*v. Calculate y(h).
18
Suppose 935*c - 954*c = 399. Let m(j) = j**3 + 20*j**2 - 20*j + 25. What is m(c)?
4
Let r(c) = c + 6. Let p(t) be the second derivative of -t**3/3 - 8*t**2 + 3*t. Let f be p(-5). Determine r(f).
0
Suppose 0 = -f - 2*i + 3, -4*f + 2*i = -3*i - 12. Let r(k) be the second derivative of 1/12*k**4 + k + 0 - 1/2*k**f + k**2. Determine r(2).
0
Let b(h) = h - 1. Let w(r) = -r**3 - 5*r**2 + 2*r - 3. Let t(u) = -3*b(u) + w(u). Let o = 34 - 34. Suppose 5*l + 32 - 7 = o. What is t(l)?
5
Let r(t) = t + 6. Let p(w) = -4*w - 17. Let u(v) = -2*p(v) - 7*r(v). Let l = -17 - -22. Calculate u(l).
-3
Let v(r) = -r**2 + 2*r. Let z = 2 - -4. Let t(u) = -6*u - 39. Let i be t(-4). Let c be ((-20)/i)/(z/9). Calculate v(c).
0
Let f(w) = 11*w**3 + 8*w**2 - 13*w + 9. Let g(x) = -5*x**3 - 3*x**2 + 6*x - 5. Let h(d) = -6*f(d) - 13*g(d). Calculate h(-9).
11
Let c(k) = -3*k**2 + 31*k - 10. Let j be c(10). Let h(g) = -g**2 - g - 2. Calculate h(j).
-2
Suppose 26*n - 19*n - 28 = 0. Let i(y) = 2*y**3 + 3*y - 5 - 4*y**2 - 2*y**3 + y**3. What is i(n)?
7
Let i = 19 + -15. Suppose 0 = 4*t - 2*t. Let w be (1 - i)*1 - t. Let n(h) = h**3 + 3*h**2 - 3*h - 4. What is n(w)?
5
Let v(n) = n**2 - 10*n + 22. Let l be v(8). Let y(j) = 2*j**2 + 2 + 4*j**2 - j - 7. Let h(a) = 7*a**2 - a - 5. Let m(o) = l*y(o) - 5*h(o). Give m(4).
7
Let v(n) = 7*n**3 - n**2 - 2*n + 1. Suppose -18*l + 3*d = -17*l - 7, -2*l = -4*d - 8. Calculate v(l).
-55
Let j(q) = -q - 9. Let p(n) = -n - 9. Suppose 13*g + 12 = 16*g. Let c(y) = g*j(y) - 3*p(y). Give c(-8).
-1
Let p(c) = c**2 - 10*c - 1. Let m be 118/14 + 33/(-77). Calculate p(m).
-17
Suppose 0 = -8*r + 12*r + 4, 0 = -4*i - 2*r + 10. Let y(k) be the second derivative of k**4/6 - 5*k**3/6 + k**2 + k. What is y(i)?
5
Suppose -7*n + 20 = 6. Suppose -8 = -s - 3*s. Let a(f) = 4*f**s - 1 + f**2 - 5*f**3 - n*f + 4*f**3 + 2*f**3. Calculate a(-5).
9
Let m(p) = -65 + p**3 - 4*p - 72 + 140. What is m(2)?
3
Let y(n) be the third derivative of -1/60*n**5 + 35*n**2 - 1/12*n**4 - n - 2/3*n**3 + 0. Give y(-3).
-7
Suppose -53 = -6*y - 29. Let a(o) = 2*o**3 - 6*o**2 + 5. Give a(y).
37
Let m(l) = 3*l**2. Let u(z) = 2*z**2 + z. Suppose 0 = 5*c - 5*d - 5, -2*c + 5 = -c + d. Let k(x) = c*m(x) - 4*u(x). Determine k(2).
-4
Let c(x) = 3*x**2 - 58*x - 38. Let r be c(20). Let q(s) = 6*s**2 - s - 3. Give q(r).
19
Let k(l) = -l - 4. Let b be k(-4). Let p(s) = 1. Suppose -3*u - 5*n = 2*u + 5, 0 = -5*n - 10. Let c(h) = h + 11. Let v(g) = u*c(g) + 3*p(g). Give v(b).
14
Let f(d) = -d**3 - d**2 + 4*d + 2. Let c be f(-3). Let g(j) = 1 - 6 + c - 7*j - 2. Let r be (1/2)/((-2)/4). What is g(r)?
8
Let x = -22 + 92. Suppose -6*n + x = -n. Suppose 0 = -5*l - 3*k - 36, k - n = 4*l - 4*k. Let m(u) = -u. What is m(l)?
6
Let h(v) = -13*v**2 + 1. Suppose -3*u = -4*k - 32, 3*k + 0 = 3*u - 27. Suppose 8*f - u*f = 0. Let o be -1 - f*(-2)/(-6). Determine h(o).
-12
Let z be (96/64)/(1 - (-38)/(-40)). Let d(u) = 10*u**2 - z - 4*u**3 + 7*u + 5*u**3 + 19. Calculate d(-9).
7
Let b(c) = -c + 7. Suppose -51 = -5*m - i, -4 = 5*i - 9*i. Give b(m).
-3
Let f(p) = 2*p**3 - 5*p**2 + 4*p - 4. Suppose 3*j - 4*u = -j + 16, -5*u - 5 = 0. Determine f(j).
17
Let n(d) = -8*d**2 - d. Let i = 682 - 681. Give n(i).
-9
Let l(t) = -9*t + 38. Suppose -4*a = 3*q - 28, -2*a - 2 - 2 = -3*q. Calculate l(a).
2
Let h(f) = 12 - 8*f + 13*f - 2 - 6*f. Suppose 4*k + k - 15 = -3*p, -20 = -4*p - 3*k. Calculate h(p).
5
Let c be 22 + 0/(2/(-1)). Let m = c - 2. Suppose 12 = 4*v + 3*d, 0*v + m = -4*v + 5*d. Let s(k) = k**2 + k + 6. Determine s(v).
6
Let w = -482 - -480. Let z(b) = 6*b**3 + 2*b**2 + 2*b + 2. What is z(w)?
-42
Let n(i) = -3*i**3 - i**2 - 2*i + 2. Let d(t) = 2*t**3 + t - 1. Let h(r) = -4*d(r) - 3*n(r). Let q(p) = p**3 - p**2 - 5*p - 6. Let c be q(3). Give h(c).
-8
Let r = -675 - -669. Let d(i) = -2*i**3 - 11*i**2 + 6*i. Calculate d(r).
0
Let m(v) = -v**3 - 4*v**2 - 2. Let p(u) = -5*u - 1. Let s be p(-1). Suppose 0 = s*d + 5*z + 36, -5*d = -2*z - 3*z. Calculate m(d).
-2
Let w(a) = -a. Let x(z) = z**2 - 3*z - 4. Let i(p) = -6*w(p) - x(p). Let b(m) be the first derivative of i(m). Let d be b(6). Let c(u) = 4*u - 3. Give c(d).
-15
Let i(t) be the third derivative of -t**7/2520 - t**6/120 + t**5/60 + t**4/12 + 17*t**2. Let c(k) be the second derivative of i(k). Give c(-6).
2
Let n(o) = -o**3 - 7*o**2 + 9*o - 8. Let i(h) = -2*h**3 - 14*h**2 + 19*h - 17. Let a(b) = 2*i(b) - 5*n(b). Calculate a(-8).
-2
Let m(h) be the third derivative of h**4/8 - 5*h**3/6 - 280*h**2 + 1. Determine m(-3).
-14
Let s(a) = -2*a + 8. Let t(h) = 4*h - 16. Let v(q) = 13*s(q) + 6*t(q). Give v(6).
-4
Let n be 4 - (3 - (-4 + 18)). Let d(a) = -2*a**2 + a**2 + 32*a + 6 - n*a - 19*a. What is d(-5)?
-9
Let s(c) = c**2 + 2*c - 5. Let i = -27 - -33. Suppose d + 9 = -m, d - 2*m = -0*d + i. Calculate s(d).
3
Let t(i) = -11*i**2 - i - 1. Let o be t(-1). Suppose -2*k + 4*s + 25 = -5*k, 5*s + 32 = -4*k. Let z = k - o. Let q(f) = f**2 - 8*f + 3. Give q(z).
3
Let y(d) = -3*d - 5. Let c(w) = w + 1. Let z(x) = -2*c(x) - y(x). Suppose -72*i + 18 = -74*i. What is z(i)?
-6
Let l(k) be the first derivative of k**2 - 10*k + 77. Determine l(-8).
-26
Let f(g) be the first derivative of g**3/3 - 7*g**2/2 + 39*g - 31. Let q(i) be the first derivative of f(i). Determine q(6).
5
Let s = 88 - 87. Let a be -5 - 0 - 3/s. Let u(v) = -v**2 - 10*v - 8. Calculate u(a).
8
Suppose -264 = -22*u - 22. Let h(a) = a**3 - 10*a**2 - 10*a - 16. What is h(u)?
-5
Suppose 2*j + 247 = -t, -5*t - 478 = -3*t - 4*j. Let v = -162 - t. Let p(c) = 81 - 8*c - v. Determine p(1).
-8
Let p(j) be the third derivative of j**4/12 - j**3/2 + j**2. Suppose 16*w - 81 = 31. Determine p(w).
11
Suppose -5 = -f - 1. Suppose -f*g + j = -34, -g + 2*j + 4 = 4*j. Let u be 4 - g - -4 - -1. Let w(o) = -o**2 + o - 1. What is w(u)?
-1
Suppose 4*q = 3*q + 42. Suppose -48 = -5*y - 0*v - 4*v, 4*y + 2*v - q = 0. Suppose 2*j = 2*m - 3*m + 14, 3*j = y. Let r(w) = w**2 - 6*w - 6. Determine r(m).
-6
Let j(y) be the second derivative of y**4/8 - 5*y**3/6 - 11*y**2/2 + 6*y. Let m(n) be the first derivative of j(n). What is m(4)?
7
Let u(l) be the third derivative of 2*l**4/3 + 14*l**2 + 3. What is u(-2)?
-32
Suppose -q - 3*q - 3*x = -15, -2*x - 24 = -3*q. Let u be (-22)/(-99) - 34/(-9). Let t(g) = 4*g + 9 - 8*g + 0*g**2 - u*g + g**2. Determine t(q).
-3
Suppose -36*z = -38*z - 12. Let w(f) = f + 11. Calculate w(z).
5
Let v = -39 - -44. Let l(g) = g**3 - 5*g**2 + g + 1. Give l(v).
6
Let p be (9/2)/(6/(-8)). Let u = 37 + -34. Let i(l) = 3*l - 3*l + 7 + l + u. What is i(p)?
4
Let m = 41 - 34. Let x(f) = -2*f + f**2 + 8 - m + 1. Determine x(3).
5
Let f(n) = n. Suppose -2*a + 4 = -0. Suppose -4 = -o - 2*o + a*d, d = -o + 8. Determine f(o).
4
Le